 - l*m = -23. What are the prime factors of h?
2
List the prime factors of -26*335/20*-2.
13, 67
Let s = 3987 + -555. List the prime factors of s.
2, 3, 11, 13
Let r(i) = -33*i**2 - i. Let o be r(-6). What are the prime factors of o/(-15) - 6/(-30)?
79
Suppose 966 = -7*s + 14*s. List the prime factors of s.
2, 3, 23
Let i be 9 + (-3 - 0) - 1. Suppose -2*w + 4*d + 16 = 0, 2*w - 7 = 6*w + i*d. What are the prime factors of w?
2
Let x(u) = -2*u + 11. Let i be x(9). Let h be (4 - -3)*(-2)/i. Suppose 0 = y + h*y - 66. List the prime factors of y.
2, 11
Suppose -1847 = -3*g + 2092. List the prime factors of g.
13, 101
Let o = 13 - 60. Let r = o - -104. What are the prime factors of r?
3, 19
Let g be (-15)/(-6)*(-20)/(-25). Let a be g/((-4)/256*-2). Suppose u - a = -3*u. What are the prime factors of u?
2
Let w(a) = -347*a - 61. What are the prime factors of w(-4)?
1327
Let j(p) = -p + 14. Let m be j(10). Suppose 3*t = t + h + 121, -38 = -t - m*h. List the prime factors of t.
2, 29
Suppose -k + 130 = 2*u, -260 = -2*k + 3*u - 2*u. Suppose 3*i - i + d = 205, -k = -i + 5*d. What are the prime factors of i?
3, 5, 7
Suppose -17*a = -18*a - 4. List the prime factors of (((-23)/a)/(-1))/(1/(-12)).
3, 23
Suppose 4*u + 4*a - 1246 - 606 = 0, 2299 = 5*u + a. What are the prime factors of u?
3, 17
Suppose -4*g - 3*p = -13, -3*g + p + 18 = 6*p. Suppose -6 = k - g, -j + 86 = 5*k. List the prime factors of j.
3, 37
Let x be 4 + 0 + (1 - 1). Suppose 5*b + 148 = n + n, -5*n = x*b - 403. What are the prime factors of n?
79
List the prime factors of (-42)/77 - (-2 + (-17712)/44).
2, 101
Suppose -5*i - 231 = 5*j + 804, 1017 = -5*j + i. Let l = j - -293. List the prime factors of l.
89
Suppose 2*a - 4*l = 22, -2*a + 2 = 4*l + 4. Let q = 1 + a. List the prime factors of (-18)/2*(-20)/q.
2, 3, 5
Let y = -154 + 376. What are the prime factors of y?
2, 3, 37
Suppose 0 = 2*a + 5 + 29. Let f = 66 + -87. Let z = a - f. What are the prime factors of z?
2
Let b(a) = -a - 1. Let u be b(4). Let w be ((-402)/(-5))/3 + (-2)/(-10). Let d = w - u. What are the prime factors of d?
2
Suppose 6 = 4*k + 14. What are the prime factors of (8/5)/(k/(-30)*2)?
2, 3
Let u = -21 + 17. Let l be (-32)/6 - u/(-6). Let b = l - -11. What are the prime factors of b?
5
Let c(g) = 24*g. Let z be c(-3). Let y(m) = -5*m**2 + 14*m - 6. Let t be y(4). Let p = t - z. What are the prime factors of p?
2, 3, 7
Let f(t) = 5*t**2 + 6*t - t + 7*t + 16. What are the prime factors of f(-7)?
3, 59
What are the prime factors of (-3 + (-24)/(-9))/((-2)/8958)?
1493
Let g be 3/5 + 54/(-15) + 5. List the prime factors of g - (-20 - (-2 - -4)).
2, 3
Let n(p) = -2*p - 5. Let w(f) = 7*f + 21. Let z(q) = 9*n(q) + 2*w(q). List the prime factors of z(-12).
3, 5
Suppose -m = 5*w - 636, -5*m + 9*m + 5*w - 2469 = 0. List the prime factors of m.
13, 47
Suppose z = 3*k + 1787 + 555, 0 = z + k - 2362. What are the prime factors of z?
2357
Let u(o) = -6*o + 718. What are the prime factors of u(43)?
2, 5, 23
Suppose 5*m - 2*f - 18 = -0*f, -10 = -3*m + 2*f. Suppose -387 = -7*u + m*u. List the prime factors of u.
3, 43
Let v = 95 + -96. What are the prime factors of 1490/6 + (-3)/(-9)*v?
2, 31
Suppose -2*k - 32 = -2*a - 7*k, 0 = 5*a - 4*k - 113. Suppose 22*t - a*t - 42 = 0. List the prime factors of t.
2, 3, 7
Let y(i) be the first derivative of -i**3/3 + i**2/2 - 17*i + 7. Let q be y(0). Let n = 39 + q. What are the prime factors of n?
2, 11
Suppose 40*l + 24303 = 148863. List the prime factors of l.
2, 3, 173
Let d = 74 + -12. Suppose -d - 412 = -3*y. What are the prime factors of y?
2, 79
Suppose 6*y - 4*n = 2*y + 616, 302 = 2*y + n. Let g = 239 - y. Let w = g - 62. List the prime factors of w.
5
Suppose 0 = -p - 4*k + 17, 0*p - 3*k + 12 = p. Let h = 9 + p. Suppose 2*j - 16 - h = 0. What are the prime factors of j?
11
Let c(d) = d**2 + 9*d - 7. Let m be c(-10). Let a(f) = 35*f - 4. What are the prime factors of a(m)?
101
Let t = 158 + -130. Let v = 218 - t. List the prime factors of v.
2, 5, 19
Suppose -4*g + 0*n - 2*n + 130 = 0, 5*n - 85 = -2*g. Suppose g = -9*b + 10*b. What are the prime factors of b?
2, 3, 5
Suppose -12*i + 6646 = 5*z - 11*i, 3*i - 5308 = -4*z. What are the prime factors of z?
2, 5, 7, 19
Let m(c) = -4*c**3 - 5*c**2 - c + 5. What are the prime factors of m(-5)?
5, 7, 11
Let i(o) = -7*o**2 - 2*o + 1. Let f be i(2). Let y(k) = -13*k - 14. Let m be y(5). Let w = f - m. What are the prime factors of w?
2, 3
Suppose 4*m - 2095 = p, -4*m - 3*p - 976 + 3075 = 0. What are the prime factors of m?
2, 131
Let s(c) = -72*c**3 + 5*c + 8. List the prime factors of s(-2).
2, 7, 41
Let o = -23 - 16. Let f = 8 - 13. What are the prime factors of f/(15/o) - -1?
2, 7
Let n(a) = 7*a**2 + 8*a - 7. What are the prime factors of n(-4)?
73
Suppose -18 = -2*t + 4*t. Let g = t - -19. What are the prime factors of g?
2, 5
Suppose 5*b + 20 = 0, -5*b = -4*c - 0*b + 584. Suppose o - c = -34. Let y = -50 + o. What are the prime factors of y?
3, 19
Suppose 4*m - 7*m = 0. Suppose m = 2*t - t - 41. List the prime factors of t.
41
Let u(k) = 12*k**2 + 1. Suppose 0 = -7*s + 6*s + 1. What are the prime factors of u(s)?
13
Suppose -f + 8 - 7 = 0. List the prime factors of (-15*1/((-20)/312))/f.
2, 3, 13
Let d(y) = -7*y - 19. Suppose 2*q - q = -13. Let a be d(q). Suppose 4*h + 16 - a = 0. What are the prime factors of h?
2, 7
Suppose -2*r - 3*o + 10724 = 0, -16064 = -3*r + 32*o - 31*o. What are the prime factors of r?
2, 13, 103
Let f = -1789 - -3218. List the prime factors of f.
1429
Let k(w) = w + 19. Let t be k(-12). Suppose -t*f + 3*f = 0. Suppose f*p = -2*p + 14. List the prime factors of p.
7
Let f(s) be the first derivative of 3*s**3 + 3*s**2/2 - 4*s - 6. Let g be f(3). Let p = -59 + g. What are the prime factors of p?
3
Suppose 23*u - 21*u = 604. What are the prime factors of u?
2, 151
Let o(f) = -f**3 + 13*f**2 - 12*f - 29. Let p(l) = 3*l**3 - 26*l**2 + 25*l + 57. Let y(m) = 5*o(m) + 2*p(m). What are the prime factors of y(-13)?
3, 11
Let x = 2 + -2. Suppose -v + 45 = -3*n, x = 3*n + v + 31 + 20. Let i = n + 39. What are the prime factors of i?
23
Suppose -2*x + 5*n + 4 + 28 = 0, -5*x - 2*n + 22 = 0. List the prime factors of 1 + 0 + x*(33 + -3).
181
Let t = 49 + -29. Suppose 3*v - 2*v = -3*b + 77, 4*v = t. List the prime factors of b.
2, 3
Suppose -24425 = -7*g - 2879. What are the prime factors of g?
2, 3, 19
Suppose -9*h + 12*h = 645. What are the prime factors of h?
5, 43
Suppose 0 = 3*v - 5*v + 2798. List the prime factors of v.
1399
Let s = 8 + -3. Suppose s*v = 2*c + 3*v - 52, -54 = -2*c + 4*v. What are the prime factors of c?
5
Suppose -v = 3*v - r - 2785, -4*v + 5*r = -2805. List the prime factors of v.
5, 139
What are the prime factors of 2680 - -7 - (-6 + 1)?
2, 673
Suppose 816 = 3*a + 129. Suppose 64 = -5*j + a. What are the prime factors of j?
3, 11
Suppose 116 = 24*s - 580. What are the prime factors of s?
29
Suppose -g + 93 = -0*g. Suppose 2*j = -2*n + j + g, -135 = -3*n - 3*j. List the prime factors of n.
2, 3
Suppose -18 + 9 = -3*r. Suppose -5*q = k - 106, 418 = r*k + 2*k - 3*q. What are the prime factors of k?
2, 43
Let s = 15 - -65. Suppose b = r - s, -2*b + 0*b - 397 = -5*r. List the prime factors of r.
79
Let h be (-5 + 4)/(1 + (-20)/22). Let o = 72 + h. What are the prime factors of o?
61
Let d(g) = 18*g - 4. Let r be d(2). Let k = -27 + r. Suppose 0 = -6*p + k*p + 27. What are the prime factors of p?
3
Suppose 4*c + 11 - 23 = 0. Suppose 0 = a + 3*a. List the prime factors of (-2 + c - a)*7.
7
Let y(f) = -f**2 - 34*f - 33. What are the prime factors of y(-27)?
2, 3, 13
What are the prime factors of (-9382)/(-14) + (-4)/28?
2, 5, 67
Let i(b) = 4*b**3 - 20*b**2 + 4*b + 3. Let k be i(6). Suppose k + 498 = 3*y. List the prime factors of y.
223
Let r = 0 + 3. Suppose u - 5*i + 22 = -4, r*u = 2*i - 39. Let y = 33 + u. List the prime factors of y.
2, 11
Let r = 10165 - 5946. List the prime factors of r.
4219
Suppose 10 = -x + 3*x. Suppose 67 = x*h - 3. Let k = -9 + h. What are the prime factors of k?
5
Suppose -4*u + 1918 = 2*n - u, -3*n + u = -2855. List the prime factors of n.
953
Let l(z) = 1. Let p(d) = -d + 1. Let o(a) = -3*a + 1. Let t(v) = o(v) - 2*p(v). Let u(c) = -4*l(c) - 4*t(c). What are the prime factors of u(2)?
